207
Let y(i) = -i**2 + 84*i - 1767. Give y(42).
-3
Let w(b) = 2*b**3 - 535*b**2 - 4372*b - 41. What is w(-8)?
-329
Let u(p) = p**3 + 64*p**2 + 169*p + 2795. What is u(-62)?
5
Let h(v) = -v**3 + 449*v**2 - 3967*v + 3085. Give h(440).
5
Let v(q) = -q**3 - 91*q**2 + 2907*q + 793. Determine v(-116).
-19
Let y(b) = -6*b**3 - 155*b**2 + 49*b + 121. Determine y(-26).
-477
Let l(d) = d**2 - 632*d + 1266. Give l(2).
6
Let y(b) = -102*b**2 - 347*b - 659. What is y(-2)?
-373
Let r(u) = 45*u**2 - 51*u - 125. Determine r(3).
127
Let n(v) = -v**2 + 59012*v - 236009. Give n(4).
23
Let z(s) = s**3 + 229*s**2 + 1395*s + 12636. Determine z(-223).
-75
Let i(s) = -3756*s**2 - 37523*s + 348. Give i(-10).
-22
Let h(y) = y**3 + 486*y**2 + 14104*y + 236. Give h(-31).
267
Let n(u) = 31*u**2 - 3390*u - 10173. What is n(-3)?
276
Let z(a) = -2*a**3 - 12*a**2 + 375*a + 1544. Give z(-4).
-20
Let m(b) = 151028*b - 604127. Determine m(4).
-15
Let j(q) = -18950*q - 397909. What is j(-21)?
41
Let f(o) = 271*o**2 + 3249*o - 40. What is f(-12)?
-4
Let h(t) = 3*t**3 - 35*t**2 + 31*t - 53. Calculate h(11).
46
Let u(h) = h**2 + 642*h + 96581. Determine u(-401).
-60
Let a(h) = -h**3 - 50*h**2 + 76*h + 3002. Calculate a(-51).
1727
Let p(o) = -17*o**3 - 458*o**2 - 17*o - 1174. Calculate p(-27).
14
Let i(f) = 2264*f + 493195. What is i(-218)?
-357
Let t(g) = g**3 - 17*g**2 - 55*g + 178. Give t(2).
8
Let f(c) = -c**3 + 23*c**2 - 99*c + 73. What is f(5)?
28
Let m(p) = 20095*p + 3175021. Determine m(-158).
11
Let s(y) = -2*y**3 + 304*y**2 - 771*y + 25656. Calculate s(150).
6
Let w(q) = -713*q - 35775. Calculate w(-50).
-125
Let p(l) = 16*l**2 - 3179*l - 647. What is p(200)?
3553
Let w(u) = 11529*u - 760890. Calculate w(66).
24
Let z(r) = r**2 - 150*r + 5000. What is z(106)?
336
Let s(c) = -c**3 - 20*c**2 + 53*c + 364. What is s(-21)?
-308
Let b(p) = 5*p**3 - 63*p**2 + 77*p + 762. Give b(6).
36
Let n(g) = -3*g**2 + g - 252. Give n(6).
-354
Let w(k) = -720*k + 18875. What is w(26)?
155
Let p(u) = -2*u**3 - 36*u**2 - 6*u - 612. Determine p(-18).
-504
Let u(i) = -i**3 - 16*i**2 - 673*i - 10850. Determine u(-16).
-82
Let l(h) = 39*h**2 - 8000*h + 1042. Determine l(205).
17
Let p(n) = 118*n**2 + 7667*n - 183. Give p(-65).
12
Let l(i) = 1216*i - 468153. Calculate l(385).
7
Let h(k) = -7*k**3 + 25*k**2 - 65*k + 703. Calculate h(5).
128
Let s(p) = p**2 - 348*p - 53239. Determine s(-115).
6
Let y(r) = -r**3 - 10619*r - 63923. What is y(-6)?
7
Let g(v) = -8836*v + 1396093. Determine g(158).
5
Let r(g) = g**2 - 287*g - 554. Determine r(289).
24
Let m(v) = 33778*v - 17091659. What is m(506)?
9
Let z(p) = -182059*p + 6190009. Calculate z(34).
3
Let n(w) = -w**3 + 217*w**2 - 242*w - 216137. Determine n(211).
-73
Let y(u) = 3*u**2 + 369*u - 4407. Determine y(13).
897
Let u(w) = 301*w + 3119. Give u(-13).
-794
Let v(j) = j**2 + 39*j + 695. Calculate v(-31).
447
Let l(z) = -2*z**3 + 155*z**2 + 121*z - 3329. Calculate l(78).
25
Let r(a) = -6*a**3 + 4*a**2 + 204*a + 659. Calculate r(-4).
291
Let i(x) = 5621*x - 10820. What is i(2)?
422
Let t(b) = -30*b - 3020. Determine t(-100).
-20
Let q(r) = 3336*r - 64330. Calculate q(19).
-946
Let r(j) = -j**3 - 722*j**2 - 10*j + 142. What is r(0)?
142
Let h(u) = -599*u - 94642. Calculate h(-158).
0
Let i(r) = 897*r**2 - 2740*r + 7. Give i(3).
-140
Let x(c) = -c**3 + 60*c**2 + 19*c - 121. Determine x(60).
1019
Let u(i) = -2*i**3 + 135*i**2 + 373*i - 23321. What is u(68)?
-2581
Let y(h) = -91*h + 8206. Give y(93).
-257
Let t(f) = 83*f**2 + 51540*f - 1898. Calculate t(-621).
-35
Let k(z) = -z**3 + 39*z**2 + 2394*z - 6793. Calculate k(-35).
67
Let p(h) = 3325*h + 458855. Give p(-138).
5
Let r(l) = -l**3 + 320*l**2 - 314*l - 1476. What is r(319)?
119
Let a(n) = -702*n + 3257. Calculate a(6).
-955
Let z(j) = -2*j**2 - 6613*j + 1123797. Give z(162).
3
Let j(o) = -96*o**2 + 156*o + 26. Determine j(-4).
-2134
Let p(l) = 3914*l - 430601. Calculate p(110).
-61
Let b(o) = -210*o**2 - 2717*o - 17. Calculate b(-13).
-186
Let f(w) = 2*w**2 - 20*w - 1455. What is f(-33)?
1383
Let d(o) = -133*o**2 - 8*o + 12. Calculate d(-2).
-504
Let d(t) = -8*t**2 - 1449*t + 5816. What is d(4)?
-108
Let x(y) = 2*y**2 + 97*y + 277. What is x(-14)?
-689
Let y(a) = -179372*a + 1076237. What is y(6)?
5
Let u(o) = 292*o**2 + 59*o + 183. Determine u(-3).
2634
Let i(h) = 3288*h**2 - 3286*h + 3. Determine i(1).
5
Let f(t) = 272*t - 4188. What is f(15)?
-108
Let n(f) = 84*f**2 - 82901*f - 165798. Calculate n(-2).
340
Let o(k) = -3025*k - 53062. Calculate o(-18).
1388
Let u(l) = -52*l**3 - 694*l**2 + 8*l - 32. Calculate u(-13).
-3178
Let y(i) = -4*i**3 - 104*i**2 - 18*i - 475. Give y(-26).
-7
Let w(l) = 40*l**2 - 3835*l - 539. Give w(96).
-59
Let y(o) = o**3 + 151*o**2 - 362*o + 15590. Calculate y(-154).
190
Let q(s) = -3*s**3 + 343*s**2 - 453*s + 115. Determine q(113).
2
Let o(k) = -148*k**3 - 285197*k**2 - 1863*k + 123335. Give o(-1927).
7
Let t(s) = -s**3 + 25*s**2 - 4001*s + 110190. Give t(27).
705
Let d(a) = -8*a**2 - 166*a + 16538. Calculate d(-57).
8
Let w(q) = 4*q**2 + 105*q - 43. What is w(-33)?
848
Let g(s) = -16*s**2 - 201*s + 2850. Calculate g(-21).
15
Let c(x) = -x**2 + 568*x - 6195. What is c(11)?
-68
Let w(u) = 35*u**3 - 272*u**2 + 41*u - 5. Determine w(8).
835
Let s(c) = 65*c + 4851. Give s(-100).
-1649
Let g(m) = 269*m**2 + 23*m - 45. What is g(2)?
1077
Let y(n) = -n**3 - 77*n**2 - 897*n + 1550. Give y(-62).
-496
Let m(o) = -4*o - 130. Determine m(-39).
26
Let m(n) = 4*n**3 - 151*n**2 - 257*n + 8351. Give m(38).
29
Let y(c) = -c**2 + 137*c + 43842. Give y(289).
-86
Let p(k) = -415*k**2 + 408*k + 15. Determine p(1).
8
Let l(i) = -i**2 + 32*i + 1024. Give l(60).
-656
Let o(d) = -d**3 - 49*d**2 + 221*d + 409. What is o(-53)?
-68
Let m(w) = 9*w**2 - 265*w - 219. Determine m(31).
215
Let f(a) = -a**3 + 130*a**2 + 337*a - 178. What is f(-3)?
8
Let n(b) = 13834*b - 553172. Calculate n(40).
188
Let p(w) = w**2 + 512*w - 5850. What is p(11)?
-97
Let u(k) = -364908*k + 364907. What is u(1)?
-1
Let d(k) = 177118*k + 1062713. Calculate d(-6).
5
Let p(d) = d**3 - 58*d**2 + 629*d + 4495. Calculate p(24).
7
Let j(a) = 3*a**3 - 257*a**2 + 1667*a + 9904. Determine j(78).
-2
Let h(b) = -44*b**2 + 1512*b + 6740. Give h(-4).
-12
Let o(j) = 531*j + 181083. What is o(-341)?
12
Let m(c) = c**2 + 637*c - 71193. Determine m(97).
5
Let r(p) = 86249*p - 2759971. What is r(32)?
-3
Let w(d) = -1884*d + 550109. What is w(292)?
-19
Let k(y) = 297*y**2 + 22572*y + 74. Give k(-76).
74
Let w(q) = 11*q**3 - 1860*q**2 + 178*q - 1426. Give w(169).
95
Let j(z) = 3442*z**2 + 4278410*z + 4969. What is j(-1243)?
-3
Let s(x) = -17*x**2 - 927*x - 1001. Calculate s(-54).
-515
Let l(i) = 106857*i + 320562. Give l(-3).
-9
Let r(m) = -1110*m - 8203. What is r(-7)?
-433
Let b(o) = 42*o - 1117. Give b(26).
-25
Let a(b) = 84*b**2 - 612*b - 87. Calculate a(7).
-255
Let c(d) = 2*d**3 - 129*d**2 - 7366*d - 681. Determine c(101).
26
Let c(i) = -12501*i - 10388318. Give c(-831).
13
Let d(w) = w**2 - 440*w + 11750. Give d(27).
599
Let h(q) = 6903*q**2 - 27618*q - 7. Determine h(4).
-31
Let m(w) = 2*w**3 - 81*w**2 - 38*w + 45. Determine m(41).
168
Let b(d) = d**3 - d**2 - 18*d + 203. What is b(5)?
213
Let z(g) = -2*g**3 - 445*g**2 + 311*g + 19454. Determine z(-223).
-170
Let s(x) = x**2 + 220*x - 5657. What is s(23)?
-68
Let w(x) = 160*x - 1636. Give w(2).
-1316
Let a(d) = -73*d - 2084. Determine a(-44).
1128
Let i(r) = 2*r**2 + 89*r - 379. Give i(-23).
-1368
Let g(v) = 2*v**3 - 250*v**2 + 1345*v - 17401. Determine g(120).
-1
Let n(t) = -2*t**2 + 5906*t - 554078. Determine n(97).
-14
Let s(c) = 26920*c - 105447. Determine s(4).
2233
Let p(c) = 171*c - 5522. What is p(32)?
-50
Let f(z) = 17*z**3 + 4373*z**2 + 1026*z - 507. Calculate f(-257).
7
Let x(j) = 3840*j**2 + 15376*j + 34. What is x(-4)?
-30
Let n(v) = -v**2 - 146*v - 763. Give n(0).
-763
Let z(r) = -4069*r + 3633556. Calculate z(893).
-61
Let v(t) = 561*t - 4576. Determine v(8).
-88
Let x(g) = g**3 - 32*g**2 + 1558*g - 5781. Calculate x(4).
3
Let g(j) = -22406*j - 268956. What is g(-12)?
-84
Let i(k) = -257*k**2 - 14148*k - 715. Determine i(-55).
0
Let h(w) = 13009816*w - 65049074. Give h(5).
6
Let z(q) = -1692*q + 538051. What is z(318)?
-5
Let v(b) = -2*b**2 - 58*b + 2580. Determine v(2